ose 8444 = 2*o - 3*n, 0 = -5*o + 46*n - 41*n + 21120. What is the greatest common divisor of 28 and o?
28
Let b(u) = -6*u - 131. Let y(s) = 3*s + 66. Let x(g) = 6*b(g) + 13*y(g). Let m be x(-22). Calculate the highest common factor of m and 6.
6
Suppose -2*a + 1 + 5 = 0, h + 2*a = 10. Suppose q + 3*k - 89 - 97 = 0, 0 = q + h*k - 185. Calculate the highest common divisor of 54 and q.
27
Let u be 9/(-6)*140/(-42). Suppose -3*s + 109 = u*j, 15*s + j = 11*s + 151. What is the greatest common factor of s and 570?
38
Suppose -4*a = 2*x - 2*a - 12, a - 33 = -4*x. Let t be (-451)/(-9) + x/81*-1. Calculate the greatest common divisor of t and 170.
10
Let n(u) = 693*u**2 + 30*u - 30. Let q be n(1). Calculate the greatest common divisor of q and 9.
9
Let h(s) = 290*s + 15964. Let r be h(-55). Let n(w) = 9*w**2 + 5*w. Let u be n(-6). Calculate the greatest common divisor of u and r.
14
Let p(u) = -154*u + 2808. Let n be p(18). What is the greatest common divisor of 8 and n?
4
Let y(q) be the first derivative of 13*q**3/3 - 47*q**2/2 + 16*q - 152. Let i be y(9). What is the highest common divisor of 38 and i?
38
Let m = 325 + -304. Let n be (-1)/(-3) + 7 + 161/m. What is the highest common divisor of n and 255?
15
Suppose 0 = 2*y, 0 = -0*x + x + 4*y + 172. Let h be ((-24)/(-14))/(x/(-56) - 3). Suppose -8*b + 528 = -6*b. Calculate the greatest common divisor of h and b.
24
Suppose -2*j - 30 = 4*o - 38, -12 = -j + 2*o. Let t be (-30)/(-1)*4/j. Calculate the highest common factor of t and 10.
5
Let i(q) = -q + 6. Let s be i(2). Suppose 0 = 4*h + 3*d - 161 + 29, -s*d = -5*h + 134. Let a = 72 - h. What is the highest common factor of a and 63?
21
Let d be (-5 + 6 - 1)/(-2). Suppose -o = -5*l - d*o + 142, 5*o = -3*l + 74. Let w = 39 - 11. Calculate the greatest common divisor of l and w.
28
Suppose 7*i = 4*i - c + 192, i - 4*c = 51. Let l be (2/2)/((-4)/(-12)). Calculate the highest common factor of i and l.
3
Let j(a) = -41*a + 378. Let i be j(-18). What is the greatest common factor of i and 144?
36
Let z = 2 - 1. Let s be (2/(-4))/(z/(-32)). Suppose -3*w + 350 = 5*d, -177*w + 182*w = 50. Calculate the greatest common divisor of d and s.
16
Let m(t) = t - 4*t + 4*t + 2 + 0. Let j be m(2). Suppose j*y = -4*y + 40. What is the greatest common divisor of 5 and y?
5
Suppose -5*l - 45 = -202*k + 201*k, k - l - 33 = 0. Calculate the highest common divisor of 765 and k.
15
Suppose -38*f + 32373 = 289*f. Calculate the greatest common divisor of 5076 and f.
9
Let q(f) = f**2 + 2*f - 1. Let g be q(-3). Suppose 4*x = -x - 2*k + 591, 2*x - 243 = -3*k. Let n = x + -113. What is the highest common factor of n and g?
2
Suppose 18*d + 11*d = 783. Suppose -8*y - 16 = -4*y. Let j = 14 - y. What is the greatest common divisor of d and j?
9
Let x(q) = 431*q - 2381. Let c be x(7). What is the highest common divisor of 324 and c?
12
Let n(b) be the third derivative of -13*b**6/60 - b**4/4 - 2*b**3/3 - 14*b**2 - 1. Let h be n(-2). What is the highest common divisor of h and 27?
27
Let l(a) = -3*a**3 - 37*a**2 + 63*a - 76. Let c be l(-14). Calculate the highest common divisor of 1573 and c.
11
Suppose 46*f - 887 = 3388 + 95. Calculate the highest common divisor of f and 16625.
95
Let x(w) = w - 6. Let t = -28 - -33. Suppose -n + 5 - 76 = -5*d, t*n = -2*d + 23. Let u be x(d). Calculate the greatest common factor of u and 56.
8
Suppose 951 = 4*v - 113*r + 108*r, 933 = 4*v + r. Calculate the greatest common factor of v and 1222.
26
Suppose -8*t = -4*t + 312. Let f = t - -128. Suppose 5*u - 12 = g - 37, -3*g = -3*u - 39. Calculate the greatest common divisor of f and g.
10
Suppose 19*l = 24*l - 25. Suppose -q + 27 = t, 17 + 128 = l*q - 5*t. Let c = q + 17. What is the greatest common factor of c and 15?
15
Let c(d) = -d + 7. Let w be c(5). Suppose 0 = 3*r + 3, -62*s + 63*s - 22 = -w*r. Calculate the greatest common divisor of 300 and s.
12
Let r = -1425 - -860. Let z = r + 601. What is the highest common divisor of z and 396?
36
Let i be -1*4*(-25)/10. Let f(y) = 343*y + 3. Let x be f(1). Suppose 2*m = 2*h + x, 8*h - 331 = -2*m + 5*h. Calculate the greatest common divisor of m and i.
10
Let b(w) be the third derivative of w**5/60 + 7*w**4/6 + 85*w**3/6 - w**2 + 27. Let f be b(-26). What is the greatest common factor of 33 and f?
33
Let a be 59/5 - (-5)/25. Let c(u) = -2*u + 17 + 4 + 33 - 21. Let j be c(a). Calculate the greatest common factor of j and 3.
3
Suppose -4*w - 3*r = -648, -152*w + 156*w - 648 = 2*r. Calculate the greatest common divisor of w and 144.
18
Let r = 119 - 57. Let n = 32 + r. Let a be 4/(-16) + 1866/8 + 2. Calculate the highest common divisor of a and n.
47
Let g(a) = a**2 - 17*a + 51. Let n be ((-50)/(-2) - 1) + 39/(-13). Let z be g(n). What is the highest common divisor of 27 and z?
27
Suppose u + 2 = 0, -27*n + 5*u = -28*n + 452. What is the greatest common factor of n and 1246?
14
Suppose 56*v - 2965 = -501. Let a be ((-1)/(-5) + 10 + -11)*-5. Calculate the highest common factor of v and a.
4
Let g(a) = a**3 + 10*a**2 - 10*a + 15. Let s be g(-11). Suppose 4*c - c = x - 163, s*c + 782 = 5*x. What is the highest common divisor of x and 33?
11
Let r be (-2 + (-134)/8)*(-256)/288*3. Let j(i) = -70*i. Let x be j(-5). Calculate the highest common divisor of x and r.
50
Suppose -2*k + f = 2, 3*k + 5*f = 9 + 1. Suppose k = 2*q - 6*q + 936. What is the greatest common factor of q and 26?
26
Let a be (-1 - 4) + 6/(-2). Let w be a + 2 + -11 + 116. Suppose 41 = 4*m + 5. Calculate the highest common divisor of m and w.
9
Let q be -11 + 19 + (310 - -1) + 4. Calculate the highest common divisor of 209 and q.
19
Let i(m) = -m**2 + 28*m + 99. Let a be i(31). Suppose 3*l + 3*g - 81 = -0*l, -l + 3*g = -39. Calculate the highest common factor of l and a.
6
Let t = 4305 - 1405. What is the greatest common factor of t and 100?
100
Let h(q) = q**3 + 85*q**2 + 200*q + 516. Let r be h(-81). What is the greatest common factor of 990 and r?
330
Let m(q) = -3 - 1 + 5*q + 2*q**3 + 4*q**2 - 7*q - 3*q. Let f be m(2). What is the highest common divisor of 9 and f?
9
Let i be (-4)/12 - (-1)/(12/13108). Calculate the greatest common divisor of i and 156.
156
Let z be 3/5*(-3 - -258). Let t = -58 + 76. What is the greatest common divisor of t and z?
9
Let s be (2/(-6))/((-2 - -1)/390). Calculate the greatest common factor of s and 10530.
130
Let p be 296*((-492)/(-252) - 6/(-126)). Calculate the greatest common factor of 2220 and p.
148
Suppose 0 = -4*h - 4*t + 76, -3*h + 0*h - 2*t + 52 = 0. Suppose h*p = 19*p - 2200. Calculate the highest common factor of p and 55.
55
Let b(i) = -i + 2745. Let v be b(-30). What is the highest common divisor of v and 5?
5
Suppose -5*c - 6*r + 160 = -r, -5*r = 3*c - 90. Suppose -12*z + c = -1. Calculate the greatest common factor of 39 and z.
3
Suppose 278 - 980 = 3*r. Let g = 290 + r. Calculate the highest common divisor of g and 8.
8
Let r be ((-6)/(-27))/((-18)/135)*(6 + -9). Let u be ((-18)/4)/(2/(-60)). What is the greatest common divisor of r and u?
5
Let g be (11361/9)/(84/216). Calculate the greatest common factor of 6 and g.
6
Let b be 53/3 - 6/9. Let r = -94 + 97. Let w be (r - (-7)/(-14))/((-1)/(-34)). What is the greatest common factor of w and b?
17
Suppose 6*f - 466 + 2194 = 0. Let v = -287 - f. Calculate the highest common factor of v and 9.
1
Let d = 18 + 0. Suppose 4*g - 88 = -4*t - 0*g, -4*g + 31 = t. Suppose -l - k = -t, 6*l - 3*k = 2*l + 111. What is the highest common factor of d and l?
6
Suppose -44*v = -1004 - 1303 - 69. Let i be 4/10 + 16/10. What is the highest common factor of v and i?
2
Let l(i) = -9*i + 267. Let n be l(27). Let c be n/(-108) + 1180/45. What is the greatest common factor of c and 104?
26
Let t(k) = -k**2 + 11*k - 3. Let u be t(8). Let p be (-6)/15 + 464/(-10)*4. Let x be (p/(-155))/((-2)/(-5)). Calculate the greatest common divisor of u and x.
3
Let p(m) = -m**3 - m**2 - 30*m - 53. Let k = -114 - -104. Let z be p(k). Calculate the greatest common divisor of 37 and z.
37
Let b be ((-80)/(-2))/(3 - 4). Let h be b/(-25)*(1377/6 + -2). Calculate the highest common divisor of 14 and h.
14
Let s be ((-282)/(-6))/(5/75). What is the highest common divisor of s and 987?
141
Suppose 6*z + 3*g = 3*z + 1173, -z - 2*g = -390. C